osite?
False
Let u be 6/39 - (-89)/13. Suppose -o = -u - 34. Suppose 4*g - 35 = o. Is g a prime number?
True
Suppose 3*o = -4*u + 4893, 5*u = 4*o + 3227 + 2928. Is u prime?
False
Let p(o) = 12*o - 21. Let i be p(2). Suppose -2*k - 1159 = -4*u + 915, 0 = 2*u - i*k - 1035. Is u composite?
True
Let s be 3 - (-5)/(-15)*15. Let a = s + 28. Is a a prime number?
False
Let w(p) = 8*p + 8*p + 6*p - 8*p - 13. Is w(16) composite?
False
Suppose -5*m + 9 = -6. Let y(a) = 49*a**2 + 2. Is y(m) a composite number?
False
Let p be (2/(-5))/((-2)/5). Let z be 308 - p/(1/(-2)). Let y = -59 + z. Is y a prime number?
True
Let t = -12 + 14. Let x(v) = 5*v**2 + 3 + 64*v - 45*v + t. Is x(-14) prime?
True
Is (-6)/(-4)*2902768/264 composite?
False
Suppose 4*g - 5*c - 12002 = 0, -5*g + 6*c + 15007 = 2*c. Suppose -g - 62 = -u. Is u composite?
True
Let o(s) = 31*s**2 + 27*s + 4. Let y be o(8). Let u = y + -1455. Is u a composite number?
True
Let i(v) be the first derivative of v**4/4 + 3*v**2/2 + 5*v - 4. Is i(8) composite?
False
Suppose 30 + 30 = -5*k. Let w = -10 - k. Suppose 0 = 3*d + w*d - 105. Is d prime?
False
Let s be 10/(-55) - (-1 + 57/(-11)). Suppose -s*k = -p - k + 273, 4 = k. Is p a prime number?
True
Let t(f) = -f**2 + 6*f + 3. Let x be t(6). Let z(m) = -19 + 117*m**2 - 42*m**2 + 17 + 6. Is z(x) composite?
True
Is (-7 + 186810/12)*2 a composite number?
False
Let k(i) be the second derivative of -i**5/20 + 3*i**4/4 + i**3/6 - 9*i**2/2 + 8*i. Let o be k(9). Is 1276 - (o - 4 - -3) a composite number?
False
Suppose 0 = 4*t + 5 + 27. Let x be (4/t)/(3/(-18)). Suppose 0 = l, 0 = -x*u - 2*l + 4*l + 237. Is u prime?
True
Is (-18)/99 + 190137/11 composite?
True
Let o = -295 - -2499. Let f = 4357 - o. Is f prime?
True
Suppose -g - 7*u = -12*u - 8289, g = -3*u + 8257. Is g composite?
False
Let d = -3053 + -724. Is (-11)/(-11) - 1*d a composite number?
True
Is ((-270)/40 - -5)/(1/(-7892)) a prime number?
False
Suppose -5*h + 3*d - 3 = 0, -3*h + 4*d = -3 + 7. Suppose -t - t + 70 = h. Is t a composite number?
True
Suppose 73*w + 235950 - 822797 = 0. Is w a prime number?
True
Suppose 543*v - 183139 = 532*v. Is v composite?
False
Suppose r - 5*g - 7 = 0, 5*g + 5 = -3*r + 26. Suppose r*o - 13*o + 14106 = 0. Is o prime?
True
Is ((-22836)/8)/11*46/(-3) a composite number?
True
Suppose 8 = -t + 3*t. Let m be ((-44)/(-6))/(2/18). Suppose t*i = -4*y + 320, -4*y + 248 + m = 2*i. Is y composite?
True
Let h(y) = -y**2 - 4*y - 9. Let u be h(-3). Let s(f) = f**3 - 7*f**2 - 5*f + 7. Let i be s(8). Let o = i - u. Is o composite?
False
Suppose -30 = -3*o + 3*v - 0*v, -20 = o + 5*v. Let r be (34/o)/1*30. Suppose 0 = 5*d - 819 + r. Is d prime?
False
Suppose f = -z + 4, -5*f = -2*z + 2 - 8. Suppose -160 = f*x - 890. Is x a prime number?
False
Suppose 0 = -3*a - 5*w - 37, 3*w = a - w + 18. Let v = a - -29. Is 5*(81/v + 2) prime?
True
Let d = 361 - -13550. Is d a composite number?
True
Let v(c) = c**3 - 24*c**2 + 49*c + 141. Is v(28) a prime number?
True
Let f = -5 - -2. Let b(q) = 7*q + 17. Let v(p) = 11*p + 26. Let o(u) = 8*b(u) - 5*v(u). Is o(f) composite?
False
Let h = 2975 - -246. Is h a prime number?
True
Let i = 2880 - -8803. Is i a composite number?
True
Let h = 82 + -82. Let c(m) = m**3 + m**2 - 2*m + 2237. Is c(h) a prime number?
True
Let n(b) = 27*b - 3. Let i be n(-1). Is 12/i + (-22534)/(-10) a composite number?
True
Let w = 39160 + -13427. Is w a composite number?
False
Let z(x) be the third derivative of 11*x**5/20 - x**4/24 - 7*x**3/6 + 11*x**2. Is z(-2) prime?
True
Suppose 25 = 5*h, 24*m + 674 = 27*m + h. Is m a composite number?
False
Let p(d) = 403*d**2 + 5*d - 1. Suppose -2*l + 2 = 5*a - 4*a, -3*a + 3*l + 6 = 0. Is p(a) a prime number?
True
Let i(p) = 2*p - 5. Let h be i(7). Suppose -4*c - 35 - h = 0. Let j(m) = -m**2 - 15*m + 3. Is j(c) composite?
False
Suppose 9*i = 4*i - 15. Let n(b) = -5*b**3 - 5*b**2 - 4*b + 1. Let f be n(i). Let d = -18 + f. Is d a composite number?
True
Let x(k) = k. Let n be x(3). Suppose 7 = r + q, -2*q + 26 = 5*r - 0*q. Suppose -r*o + 21 + 331 = 2*w, -n*o + w = -269. Is o composite?
False
Suppose 2*t + a = 227, -5*a + 0*a - 575 = -5*t. Suppose 0*i - 2*i = -5*j + 11, -j - 4*i = 11. Let o = t - j. Is o prime?
True
Suppose -11*h = -63319 - 144130. Is h prime?
True
Suppose 2*r - 16 = -4*k, -r - 1 = -3. Is (-1 - -1) + (492 - k) a prime number?
False
Let r = 102169 + -20648. Is r composite?
True
Let n(k) = 4127*k**2 - 6*k - 1. Is n(-2) composite?
False
Suppose 28*b - 27*b = -21. Is (b/(-21))/(1/1399) prime?
True
Is 2/5 + -2*2783568/(-160) a composite number?
True
Suppose -z + 6 = d, 8*d - 4*z = 3*d + 21. Let x(k) = -9*k - d + 12 + 32*k - 15*k. Is x(6) composite?
True
Let d(n) = -n**3 + n. Suppose f = -3*f + v, 2*v = -2*f - 10. Let w(r) = -45*r**3 + 2*r**2 + r + 3. Let m(g) = f*w(g) + 5*d(g). Is m(2) a composite number?
False
Suppose w - 132 = -3*w + 4*u, 3*w - u = 99. Let i be (-4)/(-16) + w/12. Suppose i*g = 157 + 1406. Is g composite?
False
Let u(z) = 1279*z + 3. Let p be u(1). Suppose 0 = -23*s + 25*s - p. Is s prime?
True
Let m be (-163 + -5)*2/4. Is (0 - 12/(-16))/((-3)/m) prime?
False
Suppose -1386*j = -1397*j + 595331. Is j prime?
True
Let t = 106388 + -68911. Is t a composite number?
True
Is (162804/48)/((-7)/4 - -2) a composite number?
False
Suppose -5*b + 4*y = 1836, -5*y - 328 = 4*b + 1149. Let x = b + 703. Suppose 23 = 2*v - x. Is v a composite number?
False
Suppose -11*w + 33209 = -10*w. Is (-1)/(-4) - w/(-44) composite?
True
Suppose 572401 = -12*m + 35*m. Is m a prime number?
False
Let z = 979 - -2868. Is z prime?
True
Is (-5)/(-10)*(-355 + -3)*-47 prime?
False
Let f(n) = 216*n**2 + 1. Let t(b) be the third derivative of b**4/24 + 7*b**3/6 - 5*b**2. Let v be t(-8). Is f(v) composite?
True
Let f(k) = k**2 + 11*k + 17. Let w be f(-9). Let l = w + 3. Suppose -i + 1252 = -t, -3*t = -3*i + l*t + 3754. Is i a prime number?
False
Let k(c) = -37*c + 70. Is k(-37) composite?
False
Let b(i) = 6*i**2 - 23*i - 138. Is b(-20) a prime number?
False
Let h(z) = -2*z**3 - 18*z**2 + 10*z + 55. Is h(-12) composite?
True
Let m(x) be the third derivative of x**5/60 + 91*x**3/6 + 3*x**2. Suppose 3*s = s. Is m(s) a prime number?
False
Let i(j) = 9*j - 5*j**2 + 2 - 12 + 4*j**2. Is i(5) prime?
False
Let v = 13208 - -699. Is v a composite number?
False
Let b be -6 + (-9)/(4 + -1). Let j be (-42)/b + 4/(-6). Suppose -5*o - 164 = -g, 2*g = g + j*o + 161. Is g prime?
True
Let g(f) = 4*f**3 + 98*f**2 - 30*f + 3. Is g(-23) a composite number?
True
Let w = 15033 + -4900. Is w composite?
False
Suppose 6*d = 8*d + 2*b - 18374, 4*d - 3*b - 36713 = 0. Is d prime?
False
Suppose 2 = 3*m - 5*g, -3*g = 2*g - 10. Suppose k = -5, m*z - 4*k - 13550 = -3698. Is z a composite number?
True
Let d be 4 + (3 - 4) + 634. Suppose m = b - 0*b - d, 4*b - 3*m = 2546. Is b composite?
True
Let w(r) = 590*r**3 + 10*r**2 + r - 6. Is w(5) a prime number?
True
Let h(s) = s - 5. Let w be h(7). Suppose -2*l - l = -4*x + 25, 37 = -5*l + w*x. Let t(k) = -k. Is t(l) prime?
True
Suppose -a + 3*a + 2*z + 978 = 0, a + 495 = -3*z. Let g = a - -745. Is g a composite number?
True
Let q(b) = -b**3 + 8*b**2 + 6*b + 13. Let d be q(-7). Let h = 1383 - d. Is h a composite number?
False
Suppose 3*p = 4*q - 6*q + 52927, -3*q + 79374 = -p. Is q a composite number?
False
Suppose 0*i = -i - 2, 58686 = 4*h - 5*i. Is h prime?
True
Let w be 33 + (-1 - (3 - 4)). Let n be (-22)/w - (-16)/6. Is 3/n*(-10)/(-5) prime?
True
Let x = -180 - -745. Is x a composite number?
True
Let k(g) = -g - 4. Let l be k(-7). Let s(c) = 7*c**3 + c**2 - 5*c - 3. Let v(t) = 8*t**3 + 2*t**2 - 6*t - 3. Let n(d) = l*v(d) - 4*s(d). Is n(-2) composite?
True
Suppose 7*t = -4*t + 19811. Is t a prime number?
True
Let a(f) = -5818*f - 11. Is a(-10) composite?
False
Let f = -3290 + 9183. Is f composite?
True
Let m(n) = 14*n**3 + 2 - 2*n**2 - 128*n - 2*n**2 + 2*n**2 + 123*n. Let b be m(3). Suppose b = p + 96. Is p a composite number?
False
Let r = 40 + -43. Let l be ((-3)/2)/3*4. Is (l + -1)/r + 126 a composite number?
False
Suppose -5*o + 2*a = 7790, 5*o + 3*a + 6209 = o. Let g = o - -2643. Is g composite?
False
Is (1/(-5))/(29/(-1267445)) a prime number?
True
Suppose -5*b - 5*z - 933 = 1467, -4*b + 3*z = 1934. Is 1 - (-2 + 6) - b a prime number?
True
L